highest common factor of 99 and u?
33
Let i(y) = 209*y + 1275. Let k be i(-2). What is the highest common divisor of 1 and k?
1
Suppose 0 = 42*d + 11*d - 2915. Calculate the greatest common divisor of d and 2585.
55
Let k(l) = 3*l**3 + 26*l**2 + 2*l + 23. Suppose 364 = 3*s + 388. Let g be k(s). Calculate the greatest common divisor of 81 and g.
27
Let x = -7001 - -12825. What is the greatest common factor of 26 and x?
26
Suppose -9*b = -2*w - 5*b + 396, 4*b + 978 = 5*w. Suppose 3*x = 673 + w. Calculate the greatest common divisor of x and 17.
17
Let u(s) = -s**2 + 3*s - 31. Let h be u(8). Let p = 87 + h. Let n(z) = -z**3 - 14*z**2 + 6*z + 9. Let f be n(-15). What is the highest common factor of f and p?
16
Suppose 25*a = 20*a + 110. Let f = -45 - -472. Let r = f - a. What is the greatest common factor of 45 and r?
45
Let w(a) = 32*a**3 - a**2 - 3*a + 1. Let u be w(3). Suppose 9*d - 725 + 52 = -5*r, -3*d = -r - 235. What is the highest common divisor of u and d?
77
Suppose -1429696 = -260*k + 171*k. What is the highest common divisor of k and 64?
64
Let q be (-24)/(3*1/(-2)). Let d(h) = h**2 + 3*h + 272. Let n be d(0). Calculate the greatest common divisor of n and q.
16
Let v(o) be the third derivative of 17/60*o**5 + 0*o**4 + 19*o**2 + 0 + 0*o + 0*o**3. Let l be v(2). Calculate the highest common divisor of l and 17.
17
Let i = 3644 + -3582. Calculate the greatest common divisor of i and 11718.
62
Let q be 2/(-6)*61/((-2135)/5145). Calculate the greatest common factor of 12299 and q.
49
Let g = 243 - 203. Let r be -5*((-1712)/g - -1). Calculate the highest common divisor of r and 19.
19
Let s(t) = 387*t + 8586. Let c be s(-21). Calculate the highest common divisor of 969 and c.
51
Let i be -26*8/((-80)/105). Suppose 0 = -25*v + 22*v + i. Suppose -19 = 3*r - 136. What is the highest common factor of v and r?
13
Suppose 9*o - 5*o - 8 = 0. Suppose -o*v - v = 0. Let q be 3/3 - 1*(-2 + v). Calculate the highest common factor of q and 3.
3
Suppose -975 = -45*u - 58*u + 1085. Calculate the highest common divisor of 13760 and u.
20
Let j be (100 + -1)/((-21015)/1755 - -12). What is the greatest common factor of j and 162?
27
Let r be 8/(-32) - (-3)/(-12)*-669. Suppose 0 = 22*v - 695 + r. What is the highest common divisor of 84 and v?
12
Let p(k) = k**3 - 6*k**2 + 22*k - 16. Let m be p(5). What is the greatest common divisor of 1127 and m?
23
Let b be (2 - 1)/((-50)/200). Let v(f) = f**3 + f**2 - 17*f - 6. Let i be v(b). Calculate the greatest common divisor of 182 and i.
14
Suppose 4*x - 141 = 399. Let r = 73 + x. Let v(q) = q**3 + 7*q**2 + 5*q + 1. Let l be v(-5). What is the highest common factor of r and l?
26
Let l(d) = 543*d + 609. Let p be l(-1). Calculate the highest common divisor of 204 and p.
6
Let x be (-1)/(-2)*7386 - (-12)/(-96)*24. Calculate the greatest common divisor of x and 330.
30
Let n(i) be the first derivative of -i**4/4 + 4*i**3 + 4*i**2 - 37*i - 5. Let d be n(12). What is the greatest common divisor of 295 and d?
59
Suppose 47*l - 28440 = 17*l. Let y = l - 920. Calculate the highest common divisor of 1372 and y.
28
Let v(l) = 19*l**2 + 7*l + 10. Let n be v(0). Suppose -y = -2*r - 70, -2*y + 170 = -0*r + 2*r. Calculate the highest common factor of n and y.
10
Suppose 3*q - 156 = -t - 2*t, 2*q - 110 = -5*t. Suppose -22*l + 17*l + 12*u + 76 = 0, 4*u - 8 = 0. What is the greatest common divisor of l and q?
10
Let x be (-16)/(-10) - 21/35 - -3. Let i be (2*1/3)/(11/1254). Calculate the greatest common divisor of x and i.
4
Suppose 5*t = -2*p - 1317 - 709, 0 = 4*t + 3*p + 1625. Let g = t - -638. Calculate the greatest common factor of g and 36.
18
Suppose 0 = -16*z - 7*z - 48 + 1543. What is the highest common divisor of 85 and z?
5
Suppose -2*s = p - 0*p - 486, -3*s - 958 = -2*p. Let h = 504 - p. Calculate the greatest common divisor of 154 and h.
22
Let o be (698/(-3) - 10/(-6))*-1. Calculate the greatest common divisor of o and 63.
21
Let u = 107 - 74. Let v be (30/(25/(-5)))/((-3)/8). Suppose 14*h + 66 = v*h. What is the highest common factor of h and u?
33
Suppose -4*q + 5*f + 235 = 0, q = -2*f + 65 + 10. What is the greatest common factor of 468 and q?
13
Let g(i) = 0*i + 8 - 13 - 23 + 3*i. Let w be g(10). Suppose 22 = 5*k + w. Calculate the greatest common divisor of 68 and k.
4
Suppose d - 3*d + 24 = 0. Let p be (8/(-6))/(-2) + 1477/633. Calculate the highest common factor of p and d.
3
Let d(x) = -x**2 + 44*x + 614. Let o be d(-10). Calculate the highest common factor of o and 481.
37
Let f(q) = 36*q + 128. Let p be f(-17). Let z = 492 + p. Calculate the highest common factor of z and 392.
8
Let m = -15017 + 15049. Calculate the highest common factor of 56 and m.
8
Suppose -18*g + 2532 = 552. Let h = -28 + 38. Calculate the greatest common divisor of g and h.
10
Suppose 0 = 3*v - 3*d - 11760, 4*d + 0*d - 19600 = -5*v. Suppose 6*a + 22*a = v. What is the greatest common divisor of 20 and a?
20
Suppose 3*r - 1212 = -l, -2*l + 31*r - 36*r + 2421 = 0. What is the highest common factor of 3 and l?
3
Let c(u) = -2*u**3 - 13*u**2 + 21*u + 166. Let r be c(-6). Calculate the highest common divisor of r and 259.
1
Suppose -86*s + 8052 = 36*s. Calculate the greatest common factor of s and 62.
2
Let n(w) = 25*w - 603. Let t be n(33). What is the highest common factor of t and 16?
2
Let h = -5293 + 5617. What is the highest common factor of h and 810?
162
Suppose -15400 = -292*i + 17*i. Let s(n) = 8*n**3 + 2*n**2 - n + 2. Let j be s(2). Calculate the highest common divisor of i and j.
8
Let j be ((171/4)/(-9))/(2/8). Let i = 13 + j. Let p = i + 17. Calculate the greatest common divisor of p and 77.
11
Suppose -13*w + 9*w + 8 = 0, -4*h + 3*w + 98 = 0. Suppose 44 = 18*q + h*q. Suppose 0 = 3*o - 8*o + 55. Calculate the greatest common factor of o and q.
1
Let p = -822 + 1209. Calculate the highest common divisor of 81 and p.
9
Let a = 10 - -5. Let j = 30 + a. Let u(w) = w**3 + 23*w**2 - 52*w - 20. Let q be u(-25). What is the greatest common divisor of q and j?
15
Let t(l) = -l**3 - 6*l**2 - 7*l - 6. Let o be t(-6). Suppose 4*n = 4*q + 1172, 656*n = 659*n + q - 859. Calculate the greatest common factor of o and n.
36
Suppose 0 = 3661*q - 3397*q - 36960. Calculate the highest common divisor of 1036 and q.
28
Let c be (10/30)/(15/1890). Calculate the greatest common divisor of c and 1554.
42
Let a(b) = b**2 + 5*b - 4. Let g be a(-9). Suppose 12*w + 14*w = 0. Suppose w = -4*v + 8, 11 - 17 = j - 5*v. Calculate the highest common factor of g and j.
4
Let s = -26 - -46. Let j(o) = -o**3 + 2*o**2 - o - 12. Let t be j(-5). Suppose -24*x + t = -s*x. Calculate the highest common divisor of x and 28.
14
Let u = 10 + -18. Let o(z) = z**2 + 2*z + 3. Let v be o(u). Suppose -4*l = -5*q + 162, 2*l - 11 = -2*q + 61. What is the highest common factor of v and q?
17
Let y(m) = -288 - 12*m + 27*m + 6*m. Let h be y(14). What is the highest common divisor of 12 and h?
6
Suppose 3*n = -5*t + 101, -4*n + 5*t - 155 = -9*n. Let g be (0 + 0 + -6)/(3 - 2). Let f be -2*1 - (5 + g)*29. What is the greatest common divisor of n and f?
27
Suppose -47*u + 58*u - 1980 = 0. What is the greatest common factor of 165 and u?
15
Suppose 382*r = 337*r + 6300. Calculate the greatest common divisor of 370 and r.
10
Let q(x) = -7*x + 106. Let g(l) = -6*l + 109. Let f(a) = 3*g(a) - 2*q(a). Let r be f(25). What is the highest common factor of 225 and r?
15
Let x(i) = 8*i**2 + 386*i + 97. Let r be x(-48). What is the highest common divisor of r and 67?
1
Let o(h) = -2*h + 3*h + 10 + h**3 + 0*h. Let i be o(0). Let f = 960 + -900. Calculate the highest common divisor of f and i.
10
Let n be 100/(-1) - 6/(-12)*8. Let z = n + 105. Suppose -13*q + 660 = -z*q. What is the highest common factor of q and 33?
33
Suppose 22*l - 20*l = -44. Let k = l - -28. Let h be 0 + (-114)/((k/(-8))/1). Calculate the highest common factor of h and 19.
19
Suppose 32 + 58 = 6*g. Suppose 3*y = -a + 115, 4*y - 5 - g = 0. What is the highest common factor of a and 10?
10
Let g be (18/(-15))/((176/(-200))/(-11)). Suppose -4 = -2*z, 2*z = -4*d + 6*d - 38. Let f = g + d. Calculate the greatest common factor of f and 12.
6
Let w = 70 - 61. Suppose 2*p = -4*t - w + 31, -2*t + 55 = 5*p. Let y be 2/1 + 3/(-3). Calc